{"id":1715,"date":"2021-09-30T11:57:11","date_gmt":"2021-09-30T14:57:11","guid":{"rendered":"https:\/\/nuevocindeca.quimica.unlp.edu.ar\/?page_id=1715"},"modified":"2021-12-06T13:15:17","modified_gmt":"2021-12-06T16:15:17","slug":"analisis-de-metales","status":"publish","type":"page","link":"https:\/\/cindeca.quimica.unlp.edu.ar\/index.php\/analisis-de-metales\/","title":{"rendered":"An\u00e1lisis de metales"},"content":{"rendered":"\t\t<div data-elementor-type=\"wp-page\" data-elementor-id=\"1715\" class=\"elementor elementor-1715\">\n\t\t\t\t\t\t<section class=\"elementor-section elementor-top-section elementor-element elementor-element-99e40ce elementor-section-boxed elementor-section-height-default elementor-section-height-default\" data-id=\"99e40ce\" data-element_type=\"section\">\n\t\t\t\t\t\t<div class=\"elementor-container elementor-column-gap-default\">\n\t\t\t\t\t<div class=\"elementor-column elementor-col-100 elementor-top-column elementor-element elementor-element-85e6cd9\" data-id=\"85e6cd9\" data-element_type=\"column\">\n\t\t\t<div class=\"elementor-widget-wrap elementor-element-populated\">\n\t\t\t\t\t\t<div class=\"elementor-element elementor-element-9aaf210 elementor-widget elementor-widget-text-editor\" data-id=\"9aaf210\" data-element_type=\"widget\" data-widget_type=\"text-editor.default\">\n\t\t\t\t<div class=\"elementor-widget-container\">\n\t\t\t\t\t\t\t<p><span style=\"color: #000000;\"><strong>ST 401 &#8211; ST 402<\/strong><\/span><\/p><p><span style=\"color: #000000;\">Se determina la cantidad de metales en muestras tanto l\u00edquidas como s\u00f3lidas, pudiendo realizar, en caso de ser necesario, el pretratamiento de estas.<\/span><\/p><p><span style=\"color: #000000;\">El servicio ofrece la determinaci\u00f3n de los siguientes metales:<\/span><\/p><ul><li><span style=\"color: #000000;\">Na, Mg, Ca, Ba<\/span><\/li><li><span style=\"color: #000000;\">Al, Sn, Pb<\/span><\/li><li><span style=\"color: #000000;\">V, Cr, Mn, Fe, Co, Ni, Cu, Zn<\/span><\/li><li><span style=\"color: #000000;\">Mo, Ru, Rh, Pd, Ag, Cd<\/span><\/li><li><span style=\"color: #000000;\">Re, Pt, Au, Pb<\/span><\/li><\/ul><p><span style=\"color: #000000;\">\u00a0Tambi\u00e9n el servicio posee la capacidad de analizar trazas de dichos metales en las muestras.<\/span><\/p><p><span style=\"color: #000000;\"><strong>Equipamiento:<\/strong><\/span><\/p><ul><li><span style=\"color: #000000;\">Equipo de absorci\u00f3n at\u00f3mica<strong>. <\/strong>(Marca: Varian, modelo: SPECTR AA-240)<\/span><\/li><\/ul><p><span style=\"color: #000000;\"><strong>Ventajas:<\/strong><strong>\u00a0<\/strong><\/span><\/p><ul><li><span style=\"color: #000000;\">Conocimiento de contaminaci\u00f3n por metales pesados, incluso a nivel de trazas.<\/span><\/li><li><span style=\"color: #000000;\">Gran sensibilidad a peque\u00f1as concentraciones del analito, dando datos cuantitativos del contenido de metales de las muestras.<\/span><\/li><\/ul><p><span style=\"color: #000000;\"><strong>Aplicaci\u00f3n<\/strong>:<\/span><\/p><ul><li><span style=\"color: #000000;\">Minerales<\/span><\/li><li><span style=\"color: #000000;\">Catalizadores<\/span><\/li><li><span style=\"color: #000000;\">Suelos y sedimentos<\/span><\/li><li><span style=\"color: #000000;\">Aguas: de consumo, de recreaci\u00f3n, para producci\u00f3n, residuales.<\/span><\/li><li><span style=\"color: #000000;\">Alimentos<\/span><\/li><li><span style=\"color: #000000;\">Muestras con matrices complejas<\/span><\/li><\/ul>\t\t\t\t\t\t<\/div>\n\t\t\t\t<\/div>\n\t\t\t\t\t<\/div>\n\t\t<\/div>\n\t\t\t\t\t<\/div>\n\t\t<\/section>\n\t\t\t\t<\/div>\n\t\t","protected":false},"excerpt":{"rendered":"<p>ST 401 &#8211; ST 402 Se determina la cantidad de metales en muestras tanto l\u00edquidas como s\u00f3lidas, pudiendo realizar, en caso de ser necesario, el pretratamiento de estas. El servicio ofrece la determinaci\u00f3n de los siguientes metales: Na, Mg, Ca, Ba Al, Sn, Pb V, Cr, Mn, Fe, Co, Ni, Cu, Zn Mo, Ru, Rh, &hellip; <\/p>\n<p class=\"link-more\"><a href=\"https:\/\/cindeca.quimica.unlp.edu.ar\/index.php\/analisis-de-metales\/\" class=\"more-link\">Segu\u00ed leyendo<span class=\"screen-reader-text\"> &#8220;An\u00e1lisis de metales&#8221;<\/span><\/a><\/p>\n","protected":false},"author":8,"featured_media":0,"parent":0,"menu_order":0,"comment_status":"closed","ping_status":"closed","template":"","meta":{"footnotes":""},"_links":{"self":[{"href":"https:\/\/cindeca.quimica.unlp.edu.ar\/index.php\/wp-json\/wp\/v2\/pages\/1715"}],"collection":[{"href":"https:\/\/cindeca.quimica.unlp.edu.ar\/index.php\/wp-json\/wp\/v2\/pages"}],"about":[{"href":"https:\/\/cindeca.quimica.unlp.edu.ar\/index.php\/wp-json\/wp\/v2\/types\/page"}],"author":[{"embeddable":true,"href":"https:\/\/cindeca.quimica.unlp.edu.ar\/index.php\/wp-json\/wp\/v2\/users\/8"}],"replies":[{"embeddable":true,"href":"https:\/\/cindeca.quimica.unlp.edu.ar\/index.php\/wp-json\/wp\/v2\/comments?post=1715"}],"version-history":[{"count":14,"href":"https:\/\/cindeca.quimica.unlp.edu.ar\/index.php\/wp-json\/wp\/v2\/pages\/1715\/revisions"}],"predecessor-version":[{"id":3251,"href":"https:\/\/cindeca.quimica.unlp.edu.ar\/index.php\/wp-json\/wp\/v2\/pages\/1715\/revisions\/3251"}],"wp:attachment":[{"href":"https:\/\/cindeca.quimica.unlp.edu.ar\/index.php\/wp-json\/wp\/v2\/media?parent=1715"}],"curies":[{"name":"wp","href":"https:\/\/api.w.org\/{rel}","templated":true}]}}