{"id":1741,"date":"2021-09-30T12:04:30","date_gmt":"2021-09-30T15:04:30","guid":{"rendered":"https:\/\/nuevocindeca.quimica.unlp.edu.ar\/?page_id=1741"},"modified":"2021-12-06T13:18:04","modified_gmt":"2021-12-06T16:18:04","slug":"analisis-quimico-de-aguas","status":"publish","type":"page","link":"https:\/\/cindeca.quimica.unlp.edu.ar\/index.php\/analisis-quimico-de-aguas\/","title":{"rendered":"An\u00e1lisis qu\u00edmico de aguas"},"content":{"rendered":"\t\t<div data-elementor-type=\"wp-page\" data-elementor-id=\"1741\" class=\"elementor elementor-1741\">\n\t\t\t\t\t\t<section class=\"elementor-section elementor-top-section elementor-element elementor-element-d770bcd elementor-section-boxed elementor-section-height-default elementor-section-height-default\" data-id=\"d770bcd\" data-element_type=\"section\">\n\t\t\t\t\t\t<div class=\"elementor-container elementor-column-gap-default\">\n\t\t\t\t\t<div class=\"elementor-column elementor-col-100 elementor-top-column elementor-element elementor-element-512ef53\" data-id=\"512ef53\" data-element_type=\"column\">\n\t\t\t<div class=\"elementor-widget-wrap elementor-element-populated\">\n\t\t\t\t\t\t<div class=\"elementor-element elementor-element-4adfb59 elementor-widget elementor-widget-text-editor\" data-id=\"4adfb59\" data-element_type=\"widget\" data-widget_type=\"text-editor.default\">\n\t\t\t\t<div class=\"elementor-widget-container\">\n\t\t\t\t\t\t\t<p><span style=\"color: #000000;\"><strong>ST 4040<\/strong><strong>\u00a0<\/strong><\/span><\/p><p><span style=\"color: #000000;\">Este servicio da cuenta de una serie de par\u00e1metros imprescindibles para el control de la calidad de las aguas y as\u00ed , en el caso de industrias de bebidas, mantener un estatus homog\u00e9neo de producci\u00f3n.<\/span><\/p><p><span style=\"color: #000000;\">El servicio incluye:<\/span><\/p><p><span style=\"color: #000000;\">\u2014 Caracter\u00edsticas organol\u00e9pticas<\/span><\/p><ul><li><span style=\"color: #000000;\">pH<\/span><\/li><li><span style=\"color: #000000;\">Conductimetr\u00eda<\/span><\/li><li><span style=\"color: #000000;\">S\u00f3lidos totales disueltos<\/span><\/li><li><span style=\"color: #000000;\">Alcalinidad total<\/span><\/li><li><span style=\"color: #000000;\">Dureza total<\/span><\/li><li><span style=\"color: #000000;\">Cloruro<\/span><\/li><li><span style=\"color: #000000;\">Cloro residual libre<\/span><\/li><li><span style=\"color: #000000;\">Sulfato<\/span><\/li><li><span style=\"color: #000000;\">Bicarbonato y carbonato<\/span><\/li><li><span style=\"color: #000000;\">Ca, Mg, Na<\/span><\/li><\/ul><p><span style=\"color: #000000;\">Pudi\u00e9ndose adaptar el servicio, de ser necesario, a otras necesidades espec\u00edficas.<\/span><\/p><p><span style=\"color: #000000;\"><strong>Equipamiento:<\/strong><\/span><\/p><ul><li><span style=\"color: #000000;\">Equipo de absorci\u00f3n at\u00f3mica<strong>. <\/strong>(Marca: Varian, modelo: SPECTR AA-240)<\/span><\/li><li><span style=\"color: #000000;\">Espectrofot\u00f3metro ( Marca: Perkin Elmer, modelo: LAMBDA 35)<\/span><\/li><li><span style=\"color: #000000;\">Balanza anal\u00edtica (Marca: Sartorius, modelo: 2842)<\/span><\/li><\/ul><p><span style=\"color: #000000;\"><strong>Ventajas:<\/strong><\/span><\/p><ul><li><span style=\"color: #000000;\">Conocer los par\u00e1metros indispensables para el control de la calidad del agua.<\/span><\/li><li><span style=\"color: #000000;\">Mantener la calidad y un nivel de homog\u00e9neo de producci\u00f3n en la elaboraci\u00f3n de bebidas.<\/span><\/li><li><span style=\"color: #000000;\">Corregir par\u00e1metros que pueden afectar la producci\u00f3n de bebidas y producir perdidas monetarias<\/span><\/li><\/ul><p><span style=\"color: #000000;\"><strong>Aplicaci\u00f3n<\/strong>:<\/span><\/p><p><span style=\"color: #000000;\"><strong>\u00a0<\/strong><\/span><\/p><ul><li><span style=\"color: #000000;\">Aguas de tanques, grifo y pozo.<\/span><\/li><li><span style=\"color: #000000;\">Aguas para la producci\u00f3n de bebidas o utilizada en la producci\u00f3n industrial.<\/span><\/li><\/ul>\t\t\t\t\t\t<\/div>\n\t\t\t\t<\/div>\n\t\t\t\t\t<\/div>\n\t\t<\/div>\n\t\t\t\t\t<\/div>\n\t\t<\/section>\n\t\t\t\t<\/div>\n\t\t","protected":false},"excerpt":{"rendered":"<p>ST 4040\u00a0 Este servicio da cuenta de una serie de par\u00e1metros imprescindibles para el control de la calidad de las aguas y as\u00ed , en el caso de industrias de bebidas, mantener un estatus homog\u00e9neo de producci\u00f3n. El servicio incluye: \u2014 Caracter\u00edsticas organol\u00e9pticas pH Conductimetr\u00eda S\u00f3lidos totales disueltos Alcalinidad total Dureza total Cloruro Cloro residual &hellip; <\/p>\n<p class=\"link-more\"><a href=\"https:\/\/cindeca.quimica.unlp.edu.ar\/index.php\/analisis-quimico-de-aguas\/\" class=\"more-link\">Segu\u00ed leyendo<span class=\"screen-reader-text\"> &#8220;An\u00e1lisis qu\u00edmico de aguas&#8221;<\/span><\/a><\/p>\n","protected":false},"author":8,"featured_media":0,"parent":0,"menu_order":0,"comment_status":"closed","ping_status":"closed","template":"","meta":{"footnotes":""},"_links":{"self":[{"href":"https:\/\/cindeca.quimica.unlp.edu.ar\/index.php\/wp-json\/wp\/v2\/pages\/1741"}],"collection":[{"href":"https:\/\/cindeca.quimica.unlp.edu.ar\/index.php\/wp-json\/wp\/v2\/pages"}],"about":[{"href":"https:\/\/cindeca.quimica.unlp.edu.ar\/index.php\/wp-json\/wp\/v2\/types\/page"}],"author":[{"embeddable":true,"href":"https:\/\/cindeca.quimica.unlp.edu.ar\/index.php\/wp-json\/wp\/v2\/users\/8"}],"replies":[{"embeddable":true,"href":"https:\/\/cindeca.quimica.unlp.edu.ar\/index.php\/wp-json\/wp\/v2\/comments?post=1741"}],"version-history":[{"count":7,"href":"https:\/\/cindeca.quimica.unlp.edu.ar\/index.php\/wp-json\/wp\/v2\/pages\/1741\/revisions"}],"predecessor-version":[{"id":3266,"href":"https:\/\/cindeca.quimica.unlp.edu.ar\/index.php\/wp-json\/wp\/v2\/pages\/1741\/revisions\/3266"}],"wp:attachment":[{"href":"https:\/\/cindeca.quimica.unlp.edu.ar\/index.php\/wp-json\/wp\/v2\/media?parent=1741"}],"curies":[{"name":"wp","href":"https:\/\/api.w.org\/{rel}","templated":true}]}}