{"id":393,"date":"2020-01-13T12:18:37","date_gmt":"2020-01-13T15:18:37","guid":{"rendered":"https:\/\/nuevocindeca.quimica.unlp.edu.ar\/?page_id=393"},"modified":"2024-08-22T15:55:58","modified_gmt":"2024-08-22T18:55:58","slug":"tesis","status":"publish","type":"page","link":"https:\/\/cindeca.quimica.unlp.edu.ar\/index.php\/tesis\/","title":{"rendered":"Tesis"},"content":{"rendered":"\t\t<div data-elementor-type=\"wp-page\" data-elementor-id=\"393\" class=\"elementor elementor-393\">\n\t\t\t\t\t\t<section class=\"elementor-section elementor-top-section elementor-element elementor-element-4572fb2 elementor-section-boxed elementor-section-height-default elementor-section-height-default\" data-id=\"4572fb2\" data-element_type=\"section\">\n\t\t\t\t\t\t<div class=\"elementor-container elementor-column-gap-default\">\n\t\t\t\t\t<div class=\"elementor-column elementor-col-100 elementor-top-column elementor-element elementor-element-c571165\" data-id=\"c571165\" data-element_type=\"column\">\n\t\t\t<div class=\"elementor-widget-wrap elementor-element-populated\">\n\t\t\t\t\t\t<div class=\"elementor-element elementor-element-0f43be5 elementor-widget elementor-widget-heading\" data-id=\"0f43be5\" data-element_type=\"widget\" data-widget_type=\"heading.default\">\n\t\t\t\t<div class=\"elementor-widget-container\">\n\t\t\t<h2 class=\"elementor-heading-title elementor-size-default\">2024<\/h2>\t\t<\/div>\n\t\t\t\t<\/div>\n\t\t\t\t\t<\/div>\n\t\t<\/div>\n\t\t\t\t\t<\/div>\n\t\t<\/section>\n\t\t\t\t<section class=\"elementor-section elementor-top-section elementor-element elementor-element-33a30b5 elementor-section-boxed elementor-section-height-default elementor-section-height-default\" data-id=\"33a30b5\" data-element_type=\"section\">\n\t\t\t\t\t\t<div class=\"elementor-container elementor-column-gap-default\">\n\t\t\t\t\t<div class=\"elementor-column elementor-col-100 elementor-top-column elementor-element elementor-element-9d45959\" data-id=\"9d45959\" data-element_type=\"column\">\n\t\t\t<div class=\"elementor-widget-wrap elementor-element-populated\">\n\t\t\t\t\t\t<div class=\"elementor-element elementor-element-c818555 elementor-widget elementor-widget-text-editor\" data-id=\"c818555\" data-element_type=\"widget\" data-widget_type=\"text-editor.default\">\n\t\t\t\t<div class=\"elementor-widget-container\">\n\t\t\t\t\t\t\t<p><span style=\"font-weight: bold; color: #000000; text-align: justify;\">Lic. Paula Stefan\u00eda Mateos: <\/span>&#8220;<a href=\"https:\/\/sedici.unlp.edu.ar\/handle\/10915\/168312\">Valorizaci\u00f3n de aceite comestible de desecho mediante cat\u00e1lisis heterog\u00e9nea utilizando catalizadores enzim\u00e1ticos e inorg\u00e1nicos de naturaleza \u00e1cida<\/a>&#8221; <span style=\"color: #000000; text-align: justify;\">Directora: Dra. Laura Briand, Co-directora: Dra. Silvana Matkovic.<\/span><\/p><p><span style=\"font-weight: bold; color: #000000; text-align: justify;\">Lic. John Jairo Alvear Daza: <\/span>&#8220;<a href=\"https:\/\/sedici.unlp.edu.ar\/handle\/10915\/166086\">S\u00edntesis y caracterizaci\u00f3n de materiales basados en TiO<sub>2<\/sub>\u00a0y g-C<sub>3<\/sub>N<sub>4<\/sub> inmovilizado en carb\u00f3n activado para la eliminaci\u00f3n de contaminantes de origen farmac\u00e9utico<\/a>&#8221; <span style=\"color: #000000;\">Director:\u00a0 Dr. Luis Pizzio, Co-director: Dr. Juli\u00e1n Rengifo Herrera<\/span><\/p>\t\t\t\t\t\t<\/div>\n\t\t\t\t<\/div>\n\t\t\t\t\t<\/div>\n\t\t<\/div>\n\t\t\t\t\t<\/div>\n\t\t<\/section>\n\t\t\t\t<section class=\"elementor-section elementor-top-section elementor-element elementor-element-28f2afe elementor-section-boxed elementor-section-height-default elementor-section-height-default\" data-id=\"28f2afe\" data-element_type=\"section\">\n\t\t\t\t\t\t<div class=\"elementor-container elementor-column-gap-default\">\n\t\t\t\t\t<div class=\"elementor-column elementor-col-100 elementor-top-column elementor-element elementor-element-2343e4d\" data-id=\"2343e4d\" data-element_type=\"column\">\n\t\t\t<div class=\"elementor-widget-wrap elementor-element-populated\">\n\t\t\t\t\t\t<div class=\"elementor-element elementor-element-56be46f elementor-widget elementor-widget-heading\" data-id=\"56be46f\" data-element_type=\"widget\" data-widget_type=\"heading.default\">\n\t\t\t\t<div class=\"elementor-widget-container\">\n\t\t\t<h2 class=\"elementor-heading-title elementor-size-default\">2023<\/h2>\t\t<\/div>\n\t\t\t\t<\/div>\n\t\t\t\t\t<\/div>\n\t\t<\/div>\n\t\t\t\t\t<\/div>\n\t\t<\/section>\n\t\t\t\t<section class=\"elementor-section elementor-top-section elementor-element elementor-element-e99ab5b elementor-section-boxed elementor-section-height-default elementor-section-height-default\" data-id=\"e99ab5b\" data-element_type=\"section\">\n\t\t\t\t\t\t<div class=\"elementor-container elementor-column-gap-default\">\n\t\t\t\t\t<div class=\"elementor-column elementor-col-100 elementor-top-column elementor-element elementor-element-36534ef\" data-id=\"36534ef\" data-element_type=\"column\">\n\t\t\t<div class=\"elementor-widget-wrap elementor-element-populated\">\n\t\t\t\t\t\t<div class=\"elementor-element elementor-element-3e30ea7 elementor-widget elementor-widget-text-editor\" data-id=\"3e30ea7\" data-element_type=\"widget\" data-widget_type=\"text-editor.default\">\n\t\t\t\t<div class=\"elementor-widget-container\">\n\t\t\t\t\t\t\t<p><span style=\"font-weight: bold; color: #000000; text-align: justify;\">Lic. Franco Dubois: <\/span>&#8220;<a href=\"https:\/\/sedici.unlp.edu.ar\/handle\/10915\/168216\">Evaluaci\u00f3n de catalizadores de NiCoMn reciclados de bater\u00edas de notebook para la conversi\u00f3n de mezcla de biog\u00e1s sint\u00e9tico a gas de s\u00edntesis a trav\u00e9s de la reacci\u00f3n de reformado seco y en la pirolisis catal\u00edtica de polipropileno<\/a>&#8221; <span style=\"color: #000000;\">Director:\u00a0 Dr. Jorge Sambeth, Co-director: Dr. Miguel Andr\u00e9s Peluso<\/span><strong><span style=\"color: #000000; text-align: justify;\"><br \/><\/span><\/strong><\/p><p><strong><span style=\"color: #000000; text-align: justify;\">Ing.<\/span><\/strong><span style=\"font-weight: bold; color: #000000; text-align: justify;\"> Juli\u00e1n Agust\u00edn Vannucci: <\/span><span style=\"color: #000000; text-align: justify;\">&#8220;<a href=\"http:\/\/sedici.unlp.edu.ar\/handle\/10915\/149993\">Conversi\u00f3n catal\u00edtica de glicerol en compuestos oxigenados para su uso en combustibles e industria qu\u00edmica: obtenci\u00f3n de solketal<\/a>&#8220;. Directores: Dra. Francisco Pompeo, Dra. Nora N. Nichio.<\/span><\/p><p><strong><span style=\"color: #000000; text-align: justify;\">Ing.<\/span><\/strong><span style=\"font-weight: bold; color: #000000; text-align: justify;\"> Federico Mart\u00edn P\u00e9rez:\u00a0<\/span>&#8220;<a href=\"http:\/\/sedici.unlp.edu.ar\/handle\/10915\/150923\">Valoraci\u00f3n catal\u00edtica de bioglicerol para la obtenci\u00f3n de aditivos para combustibles: reacciones de cetalizaci\u00f3n y esterificaci\u00f3n<\/a>&#8221; <span style=\"color: #000000;\">Directora:\u00a0 Dra. Nora N. Nichio, Co-director: Dr. Francisco Pompeo.<\/span><\/p>\t\t\t\t\t\t<\/div>\n\t\t\t\t<\/div>\n\t\t\t\t\t<\/div>\n\t\t<\/div>\n\t\t\t\t\t<\/div>\n\t\t<\/section>\n\t\t\t\t<section class=\"elementor-section elementor-top-section elementor-element elementor-element-de622de elementor-section-boxed elementor-section-height-default elementor-section-height-default\" data-id=\"de622de\" data-element_type=\"section\">\n\t\t\t\t\t\t<div class=\"elementor-container elementor-column-gap-default\">\n\t\t\t\t\t<div class=\"elementor-column elementor-col-100 elementor-top-column elementor-element elementor-element-44bd7bb\" data-id=\"44bd7bb\" data-element_type=\"column\">\n\t\t\t<div class=\"elementor-widget-wrap elementor-element-populated\">\n\t\t\t\t\t\t<div class=\"elementor-element elementor-element-f487db4 elementor-widget elementor-widget-heading\" data-id=\"f487db4\" data-element_type=\"widget\" data-widget_type=\"heading.default\">\n\t\t\t\t<div class=\"elementor-widget-container\">\n\t\t\t<h2 class=\"elementor-heading-title elementor-size-default\">2022<\/h2>\t\t<\/div>\n\t\t\t\t<\/div>\n\t\t\t\t\t<\/div>\n\t\t<\/div>\n\t\t\t\t\t<\/div>\n\t\t<\/section>\n\t\t\t\t<section class=\"elementor-section elementor-top-section elementor-element elementor-element-4201f9b elementor-section-boxed elementor-section-height-default elementor-section-height-default\" data-id=\"4201f9b\" data-element_type=\"section\">\n\t\t\t\t\t\t<div class=\"elementor-container elementor-column-gap-default\">\n\t\t\t\t\t<div class=\"elementor-column elementor-col-100 elementor-top-column elementor-element elementor-element-5d9e5f6\" data-id=\"5d9e5f6\" data-element_type=\"column\">\n\t\t\t<div class=\"elementor-widget-wrap elementor-element-populated\">\n\t\t\t\t\t\t<div class=\"elementor-element elementor-element-5e3105b elementor-widget elementor-widget-text-editor\" data-id=\"5e3105b\" data-element_type=\"widget\" data-widget_type=\"text-editor.default\">\n\t\t\t\t<div class=\"elementor-widget-container\">\n\t\t\t\t\t\t\t<p><span style=\"color: #000000;\"><strong>Ing. Luc\u00eda Rossi:<\/strong>\u00a0 &#8220;<\/span><a href=\"http:\/\/sedici.unlp.edu.ar\/handle\/10915\/137765\">Materiales de TiO<sub>2<\/sub> modificados con paladio (II). S\u00edntesis, caracterizaci\u00f3n, y aplicaci\u00f3n para la degradaci\u00f3n fotoctal\u00edtica de contaminantes&#8221;<\/a><span style=\"color: #000000;\">.<\/span> <span style=\"color: #000000;\">\u00a0Directoras: Dra. Paula I. Villabrille, Dra. Janina A. Rosso.<\/span><\/p><p><span style=\"color: #000000;\"><strong>Lic. Sof\u00eda Huggias: <\/strong>&#8220;<a href=\"http:\/\/sedici.unlp.edu.ar\/handle\/10915\/140429\">Obtenci\u00f3n de\u00a0 arreglos regulares met\u00e1licos sobre superficies de sistemas nanopart\u00edcula-prote\u00edna y su aplicaci\u00f3n en cat\u00e1lisis<\/a>&#8221; Director: Dr. Pablo J. Peruzzo, Co-directora: Dra. Patricia A. Bolla.<\/span><\/p>\t\t\t\t\t\t<\/div>\n\t\t\t\t<\/div>\n\t\t\t\t\t<\/div>\n\t\t<\/div>\n\t\t\t\t\t<\/div>\n\t\t<\/section>\n\t\t\t\t<section class=\"elementor-section elementor-top-section elementor-element elementor-element-68ae456 elementor-section-boxed elementor-section-height-default elementor-section-height-default\" data-id=\"68ae456\" data-element_type=\"section\">\n\t\t\t\t\t\t<div class=\"elementor-container elementor-column-gap-default\">\n\t\t\t\t\t<div class=\"elementor-column elementor-col-100 elementor-top-column elementor-element elementor-element-b225414\" data-id=\"b225414\" data-element_type=\"column\">\n\t\t\t<div class=\"elementor-widget-wrap elementor-element-populated\">\n\t\t\t\t\t\t<div class=\"elementor-element elementor-element-afbb125 elementor-widget elementor-widget-heading\" data-id=\"afbb125\" data-element_type=\"widget\" data-widget_type=\"heading.default\">\n\t\t\t\t<div class=\"elementor-widget-container\">\n\t\t\t<h2 class=\"elementor-heading-title elementor-size-default\">2021<\/h2>\t\t<\/div>\n\t\t\t\t<\/div>\n\t\t\t\t\t<\/div>\n\t\t<\/div>\n\t\t\t\t\t<\/div>\n\t\t<\/section>\n\t\t\t\t<section class=\"elementor-section elementor-top-section elementor-element elementor-element-bf72cda elementor-section-boxed elementor-section-height-default elementor-section-height-default\" data-id=\"bf72cda\" data-element_type=\"section\">\n\t\t\t\t\t\t<div class=\"elementor-container elementor-column-gap-default\">\n\t\t\t\t\t<div class=\"elementor-column elementor-col-100 elementor-top-column elementor-element elementor-element-3d34b84\" data-id=\"3d34b84\" data-element_type=\"column\">\n\t\t\t<div class=\"elementor-widget-wrap elementor-element-populated\">\n\t\t\t\t\t\t<div class=\"elementor-element elementor-element-21bde0c elementor-widget elementor-widget-text-editor\" data-id=\"21bde0c\" data-element_type=\"widget\" data-widget_type=\"text-editor.default\">\n\t\t\t\t<div class=\"elementor-widget-container\">\n\t\t\t\t\t\t\t<p><span style=\"color: #000000;\"><strong>Mg. Eliana Roc\u00edo Nope Vargas:<\/strong> <span style=\"font-family: var( --e-global-typography-text-font-family ), Sans-serif; font-weight: var( --e-global-typography-text-font-weight ); font-size: 1rem;\">\u201c<\/span><\/span><span style=\"color: #000000;\"><a href=\"http:\/\/sedici.unlp.edu.ar\/handle\/10915\/114455\" target=\"_blank\" rel=\"noopener\">S\u00f3lidos b\u00e1sicos como catalizadores en la s\u00edntesis ecoeficiente de heterociclos potencialmente activos<\/a>&#8220;. Director: Dr. Gustavo Romanelli, Co-director: Dr. \u00c1ngel Gabriel Sathicq.<\/span><\/p>\t\t\t\t\t\t<\/div>\n\t\t\t\t<\/div>\n\t\t\t\t\t<\/div>\n\t\t<\/div>\n\t\t\t\t\t<\/div>\n\t\t<\/section>\n\t\t\t\t<section class=\"elementor-section elementor-top-section elementor-element elementor-element-719ed4d elementor-section-boxed elementor-section-height-default elementor-section-height-default\" data-id=\"719ed4d\" data-element_type=\"section\">\n\t\t\t\t\t\t<div class=\"elementor-container elementor-column-gap-default\">\n\t\t\t\t\t<div class=\"elementor-column elementor-col-100 elementor-top-column elementor-element elementor-element-606f43e\" data-id=\"606f43e\" data-element_type=\"column\">\n\t\t\t<div class=\"elementor-widget-wrap elementor-element-populated\">\n\t\t\t\t\t\t<div class=\"elementor-element elementor-element-57089a8 elementor-widget elementor-widget-heading\" data-id=\"57089a8\" data-element_type=\"widget\" data-widget_type=\"heading.default\">\n\t\t\t\t<div class=\"elementor-widget-container\">\n\t\t\t<h2 class=\"elementor-heading-title elementor-size-default\">2020<\/h2>\t\t<\/div>\n\t\t\t\t<\/div>\n\t\t\t\t\t<\/div>\n\t\t<\/div>\n\t\t\t\t\t<\/div>\n\t\t<\/section>\n\t\t\t\t<section class=\"elementor-section elementor-top-section elementor-element elementor-element-51c9ba9 elementor-section-boxed elementor-section-height-default elementor-section-height-default\" data-id=\"51c9ba9\" data-element_type=\"section\">\n\t\t\t\t\t\t<div class=\"elementor-container elementor-column-gap-default\">\n\t\t\t\t\t<div class=\"elementor-column elementor-col-100 elementor-top-column elementor-element elementor-element-2cdaf30\" data-id=\"2cdaf30\" data-element_type=\"column\">\n\t\t\t<div class=\"elementor-widget-wrap elementor-element-populated\">\n\t\t\t\t\t\t<div class=\"elementor-element elementor-element-9c4d435 elementor-widget elementor-widget-text-editor\" data-id=\"9c4d435\" data-element_type=\"widget\" data-widget_type=\"text-editor.default\">\n\t\t\t\t<div class=\"elementor-widget-container\">\n\t\t\t\t\t\t\t<p><span style=\"color: #000000;\"><strong>Lic. Mar\u00eda Eugenia Chiosso: <\/strong><span style=\"font-family: var( --e-global-typography-text-font-family ), Sans-serif; font-weight: var( --e-global-typography-text-font-weight ); font-size: 1rem;\">\u201c<\/span><\/span><span style=\"color: #000000;\"><a href=\"http:\/\/sedici.unlp.edu.ar\/handle\/10915\/106214\" target=\"_blank\" rel=\"noopener\">Desarrollo de catalizadores s\u00f3lidos \u00e1cidos para la eterificaci\u00f3n de glicerol obtenido en la producci\u00f3n de biodi\u00e9sel<\/a>&#8220;. Directora: Dra. M\u00f3nica Casella, Co-directora: Dra. Andrea Merlo<\/span><\/p><p><span style=\"color: #000000;\"><strong>Lic. Mar\u00eda Bel\u00e9n Colombo Migliorero:<\/strong> &#8220;<a href=\"http:\/\/sedici.unlp.edu.ar\/handle\/10915\/107259\" target=\"_blank\" rel=\"noopener\">S\u00edntesis y caracterizaci\u00f3n de catalizadores conteniendo heteropolioxometalatos incluidos en una matriz de s\u00edlice y al\u00famina. <\/a><span style=\"margin: 0px; padding: 0px; border: 0px; outline: 0px; font-size: 15.6px; vertical-align: baseline; background: transparent;\">Aplicaci\u00f3n en la oxidaci\u00f3n selectiva de sulfuros con potencial actividad biol\u00f3gica&#8221; Directora: Dra. Patricia V\u00e1zquez, Co-directora: Dra. Valeria Palermo<\/span><\/span><\/p><p><span style=\"color: #000000;\"><strong>Lic. Cynthia Anal\u00eda Fuentes:<\/strong> <a href=\"http:\/\/sedici.unlp.edu.ar\/handle\/10915\/107834\" target=\"_blank\" rel=\"noopener\">&#8220;Reciclado terciario de residuos pl\u00e1sticos: craqueo catal\u00edtico y glic\u00f3lisis<\/a>&#8221; Director: Dr. Jorge Sambeth, Co-directora: Dra. Patricia V\u00e1zquez<\/span><\/p><p><strong style=\"color: #000000; font-family: var( --e-global-typography-text-font-family ), Sans-serif; font-size: 1rem;\"><span style=\"color: #000000;\"><strong>Mg. Andr\u00e9s Felipe Cordero Casta\u00f1o: <\/strong><\/span><\/strong><span style=\"color: #000000;\">&#8220;<\/span><span style=\"color: #000000;\"><a href=\"http:\/\/sedici.unlp.edu.ar\/handle\/10915\/100850\" target=\"_blank\" rel=\"noopener\">Nuevos materiales utilizados para la obtenci\u00f3n de ecocatalizadores a partir de bio-residuos<\/a>&#8220;.\u00a0 Directora: Dra. Patricia V\u00e1zquez<\/span><\/p><p><strong style=\"color: #000000; font-family: var( --e-global-typography-text-font-family ), Sans-serif; font-size: 1rem;\">Mg. Omar Miguel Portilla Z\u00fa\u00f1iga<\/strong><span style=\"color: #000000; font-family: var( --e-global-typography-text-font-family ), Sans-serif; font-weight: var( --e-global-typography-text-font-weight ); font-size: 1rem;\">: &#8220;<\/span><a style=\"font-family: var( --e-global-typography-text-font-family ), Sans-serif; font-weight: var( --e-global-typography-text-font-weight ); background-color: #ffffff; font-size: 1rem; color: #000000;\" href=\"http:\/\/sedici.unlp.edu.ar\/handle\/10915\/100721\" target=\"_blank\" rel=\"noopener\">S\u00f3lidos \u00e1cidos de estructura tipo Preyssler como catalizadores en la s\u00edntesis de pirroles y dihidropirimidinonas<\/a><span style=\"color: #000000; font-family: var( --e-global-typography-text-font-family ), Sans-serif; font-weight: var( --e-global-typography-text-font-weight ); font-size: 1rem;\">&#8221; Director: Dr. Gustavo Romanelli, Co-director: Dr. \u00c1ngel Gabriel Sathicq.<\/span><\/p>\t\t\t\t\t\t<\/div>\n\t\t\t\t<\/div>\n\t\t\t\t\t<\/div>\n\t\t<\/div>\n\t\t\t\t\t<\/div>\n\t\t<\/section>\n\t\t\t\t<section class=\"elementor-section elementor-top-section elementor-element elementor-element-174863e elementor-section-boxed elementor-section-height-default elementor-section-height-default\" data-id=\"174863e\" data-element_type=\"section\">\n\t\t\t\t\t\t<div class=\"elementor-container elementor-column-gap-default\">\n\t\t\t\t\t<div class=\"elementor-column elementor-col-100 elementor-top-column elementor-element elementor-element-fe62143\" data-id=\"fe62143\" data-element_type=\"column\">\n\t\t\t<div class=\"elementor-widget-wrap elementor-element-populated\">\n\t\t\t\t\t\t<div class=\"elementor-element elementor-element-95877dd elementor-widget elementor-widget-heading\" data-id=\"95877dd\" data-element_type=\"widget\" data-widget_type=\"heading.default\">\n\t\t\t\t<div class=\"elementor-widget-container\">\n\t\t\t<h2 class=\"elementor-heading-title elementor-size-default\">2019<\/h2>\t\t<\/div>\n\t\t\t\t<\/div>\n\t\t\t\t\t<\/div>\n\t\t<\/div>\n\t\t\t\t\t<\/div>\n\t\t<\/section>\n\t\t\t\t<section class=\"elementor-section elementor-top-section elementor-element elementor-element-1d3f01d elementor-section-boxed elementor-section-height-default elementor-section-height-default\" data-id=\"1d3f01d\" data-element_type=\"section\">\n\t\t\t\t\t\t<div class=\"elementor-container elementor-column-gap-default\">\n\t\t\t\t\t<div class=\"elementor-column elementor-col-100 elementor-top-column elementor-element elementor-element-b020dbb\" data-id=\"b020dbb\" data-element_type=\"column\">\n\t\t\t<div class=\"elementor-widget-wrap elementor-element-populated\">\n\t\t\t\t\t\t<div class=\"elementor-element elementor-element-6ad4e74 elementor-widget elementor-widget-text-editor\" data-id=\"6ad4e74\" data-element_type=\"widget\" data-widget_type=\"text-editor.default\">\n\t\t\t\t<div class=\"elementor-widget-container\">\n\t\t\t\t\t\t\t<p><strong><span style=\"color: #000000;\">Ing. Germ\u00e1n Pablo Benedictto: <\/span><\/strong><span style=\"color: #000000;\"><a style=\"color: #000000;\" href=\"https:\/\/ri.conicet.gov.ar\/handle\/11336\/81184\" target=\"_blank\" rel=\"noopener\">&#8220;Producci\u00f3n de biodiesel por cat\u00e1lisis heterog\u00e9nea: dise\u00f1o y aplicaci\u00f3n de catalizadores, orientados a su aplicaci\u00f3n industrial en plantas modulares&#8221;<\/a><\/span>.<span style=\"color: #000000;\"> Directora: Dra. Elena I. Basaldella, Co-director: Dr. Roberto M. Sotelo\u00a0<\/span><\/p><p><strong><span style=\"color: #000000;\">Ing. Mart\u00edn Nicol\u00e1s Gatti: <\/span><\/strong><span style=\"color: #000000;\">&#8220;<a href=\"http:\/\/sedici.unlp.edu.ar\/handle\/10915\/73817\" target=\"_blank\" rel=\"noopener\">Procesos catal\u00edticos para biorrefiner\u00edas: conversi\u00f3n de glicerol para la producci\u00f3n de biopropilenglicol<\/a>&#8220;.\u00a0 Directora: Dra. Nora Nichio<\/span><\/p><p><span style=\"color: #000000;\"><strong>Ing. Lucas Emanuel Mardones:<\/strong> <a href=\"https:\/\/repositoriosdigitales.mincyt.gob.ar\/vufind\/Record\/RIAUTN_c98392d7a5eff370f79e058a4f6020ea\" target=\"_blank\" rel=\"noopener\">&#8220;<\/a><\/span><a href=\"_wp_link_placeholder\">S\u00edntesis de materiales mesoporosos para su uso como reservorios en procesos de liberaci\u00f3n controlada de especies biocidas&#8221;<\/a>. <span style=\"color: #000000;\">Directora: Dra. Elena I. Basaldella, Co-directora: Dra. M. Soledad Legnoverde Rey<\/span><\/p><p><span style=\"font-weight: bold; color: #000000;\">Lic. Dolly Carolina Costa: <\/span><span style=\"color: #000000;\">&#8220;<a href=\"http:\/\/sedici.unlp.edu.ar\/handle\/10915\/74377\" target=\"_blank\" rel=\"noopener\">S\u00edntesis de catalizadores heterog\u00e9neos a base de nanopart\u00edculas de n\u00edquel pre-sintetizadas y monodispersas<\/a>&#8221; Directora: Dra. Virginia Vetere, Co-director: Dr. Sergio Gustavo Marchetti<\/span><\/p><p><span style=\"color: #000000;\"><strong>Lic. Katerine Igal: <\/strong><\/span><span style=\"color: #000000;\">&#8220;<a href=\"http:\/\/sedici.unlp.edu.ar\/handle\/10915\/76845\" target=\"_blank\" rel=\"noopener\">Telas antimicrobianas impregnadas con part\u00edculas de Ag o Zn reciclado incluidas en matrices sil\u00edceas modificadas<\/a>\u201d. <\/span><span style=\"color: #000000;\">Directora: Dra. Patricia V\u00e1zquez,\u00a0 <\/span><span style=\"color: #000000;\">Co-director: Dr. Jorge Sambeth<\/span><\/p><p><span style=\"color: #000000;\"><strong>Lic. Maia Monta\u00f1a:\u00a0 <\/strong>&#8220;<a href=\"http:\/\/sedici.unlp.edu.ar\/handle\/10915\/76145\" target=\"_blank\" rel=\"noopener\">Desarrollo de catalizadores y procesos catal\u00edticos para eliminaci\u00f3n de acidez en cortes de petr\u00f3leo y bio-oils<\/a>&#8220;.\u00a0 Directora:<span class=\"metadata-label\"> Dra. M\u00f3nica <\/span><span class=\"ds-dc_contributor_author-authority\">Casella, <\/span><span class=\"metadata-label\">Co-directora:\u00a0 <\/span><span class=\"ds-dc_contributor_author-authority\">Ileana Daniela Lick<\/span><\/span><\/p><p><span style=\"color: #000000;\"><strong>Lic. Mar\u00eda Dolores Morales: <\/strong><\/span><span style=\"color: #000000; font-family: var( --e-global-typography-text-font-family ), Sans-serif; font-weight: var( --e-global-typography-text-font-weight ); font-size: 1rem;\">\u201c<a href=\"http:\/\/sedici.unlp.edu.ar\/handle\/10915\/86364\" target=\"_blank\" rel=\"noopener\">\u00c1cido tungstofosf\u00f3rico inmovilizado en part\u00edculas de s\u00edlice con estructura porosa bimodal como catalizadores en la s\u00edntesis de derivados de benzodiazepinas mediante procedimientos de bajo impacto ambienta<\/a>l\u201d. <\/span><span style=\"color: #000000;\">Directores: Dr.\u00a0 Luis R. Pizzio y Dr. Gustavo Romanelli<\/span><\/p><p><span style=\"color: #000000;\"><strong>Lic Alexis Sosa: <\/strong><\/span><span style=\"color: #000000;\">\u201c<a href=\"http:\/\/sedici.unlp.edu.ar\/handle\/10915\/77242\" target=\"_blank\" rel=\"noopener\">Nuevos materiales basados en heteropoli\u00e1cidos inmovilizados en nanopart\u00edculas de s\u00edlice mesoporosa para catalizar la s\u00edntesis de compuestos org\u00e1nicos heteroc\u00edclicos con potencial actividad biol\u00f3gica<\/a>\u201d. <\/span><span style=\"color: #000000;\">Director: Dr. Luis R. Pizzio<\/span><\/p><p><span style=\"color: #000000;\"><strong>Mg. Ruth Dary Mojica Sep\u00falveda: <\/strong>&#8220;<a style=\"color: #000000;\" href=\"http:\/\/sedici.unlp.edu.ar\/handle\/10915\/73790\" target=\"_blank\" rel=\"noopener\">Preparaci\u00f3n y Evaluaci\u00f3n de Materiales H\u00edbridos con Potencial Actividad Biol\u00f3gica y Catal\u00edtica<\/a>\u201d. Directora: Dra. Delia Beatriz Soria,\u00a0\u00a0<span style=\"background-color: transparent; font-family: 'Libre Franklin', 'Helvetica Neue', helvetica, arial, sans-serif; font-size: 1rem;\">Co-directora: Dra. Carmen Cabello<\/span><\/span><\/p>\t\t\t\t\t\t<\/div>\n\t\t\t\t<\/div>\n\t\t\t\t\t<\/div>\n\t\t<\/div>\n\t\t\t\t\t<\/div>\n\t\t<\/section>\n\t\t\t\t<\/div>\n\t\t","protected":false},"excerpt":{"rendered":"<p>2024 Lic. Paula Stefan\u00eda Mateos: &#8220;Valorizaci\u00f3n de aceite comestible de desecho mediante cat\u00e1lisis heterog\u00e9nea utilizando catalizadores enzim\u00e1ticos e inorg\u00e1nicos de naturaleza \u00e1cida&#8221; Directora: Dra. Laura Briand, Co-directora: Dra. Silvana Matkovic. Lic. John Jairo Alvear Daza: &#8220;S\u00edntesis y caracterizaci\u00f3n de materiales basados en TiO2\u00a0y g-C3N4 inmovilizado en carb\u00f3n activado para la eliminaci\u00f3n de contaminantes de origen &hellip; <\/p>\n<p class=\"link-more\"><a href=\"https:\/\/cindeca.quimica.unlp.edu.ar\/index.php\/tesis\/\" class=\"more-link\">Segu\u00ed leyendo<span class=\"screen-reader-text\"> &#8220;Tesis&#8221;<\/span><\/a><\/p>\n","protected":false},"author":6,"featured_media":0,"parent":0,"menu_order":0,"comment_status":"closed","ping_status":"closed","template":"","meta":{"footnotes":""},"_links":{"self":[{"href":"https:\/\/cindeca.quimica.unlp.edu.ar\/index.php\/wp-json\/wp\/v2\/pages\/393"}],"collection":[{"href":"https:\/\/cindeca.quimica.unlp.edu.ar\/index.php\/wp-json\/wp\/v2\/pages"}],"about":[{"href":"https:\/\/cindeca.quimica.unlp.edu.ar\/index.php\/wp-json\/wp\/v2\/types\/page"}],"author":[{"embeddable":true,"href":"https:\/\/cindeca.quimica.unlp.edu.ar\/index.php\/wp-json\/wp\/v2\/users\/6"}],"replies":[{"embeddable":true,"href":"https:\/\/cindeca.quimica.unlp.edu.ar\/index.php\/wp-json\/wp\/v2\/comments?post=393"}],"version-history":[{"count":111,"href":"https:\/\/cindeca.quimica.unlp.edu.ar\/index.php\/wp-json\/wp\/v2\/pages\/393\/revisions"}],"predecessor-version":[{"id":7532,"href":"https:\/\/cindeca.quimica.unlp.edu.ar\/index.php\/wp-json\/wp\/v2\/pages\/393\/revisions\/7532"}],"wp:attachment":[{"href":"https:\/\/cindeca.quimica.unlp.edu.ar\/index.php\/wp-json\/wp\/v2\/media?parent=393"}],"curies":[{"name":"wp","href":"https:\/\/api.w.org\/{rel}","templated":true}]}}